11012
In base 3, what is 101210120 + 22220010100?
100021220220
In base 4, what is 32211323001 - -2300?
32211331301
In base 6, what is 314411402 - 323?
314411035
In base 7, what is 200516 + 1026?
201545
In base 13, what is 23911937 + 8?
23911942
In base 16, what is 3df3adf + 3?
3df3ae2
In base 5, what is 3 - 104320123412?
-104320123404
In base 15, what is 903 - -c39?
163c
In base 3, what is 11022221022220210 - -22?
11022221022221002
In base 11, what is -35a - 37200?
-3755a
In base 9, what is 3626 - 1772?
1744
In base 5, what is -2302243240 - 3?
-2302243243
In base 7, what is -5425350 + -1423?
-5430103
In base 15, what is -1cb2 - -8d88?
70c6
In base 9, what is 57 - -514840?
515007
In base 9, what is -13 + 2117331?
2117317
In base 10, what is 14802799 - -4?
14802803
In base 9, what is -242 + -176882?
-177234
In base 4, what is -120331 - -223011?
102020
In base 13, what is 1 + -6949b6?
-6949b5
In base 15, what is 3 + aa8325?
aa8328
In base 8, what is 352 + 554403?
554755
In base 3, what is 212011202020110 - -12?
212011202020122
In base 12, what is -8b6a9a4 - 0?
-8b6a9a4
In base 2, what is -1000010101011101111010 - 1010?
-1000010101011110000100
In base 7, what is -265100 + -203?
-265303
In base 15, what is d - -1e0278?
1e0286
In base 15, what is -25 - 10de75b?
-10de781
In base 11, what is -7 - 40079050?
-40079057
In base 8, what is 145421741 - -14?
145421755
In base 2, what is 1100111010100001110100100 + 101?
1100111010100001110101001
In base 4, what is 11330 + -101200030?
-101122100
In base 7, what is -42450 - 20535?
-63315
In base 10, what is -7745 - -5353?
-2392
In base 11, what is -1250a70 + 2?
-1250a69
In base 10, what is -1542 - -4193?
2651
In base 9, what is 1045 + 11642?
12687
In base 7, what is -1340304 - 11?
-1340315
In base 4, what is 203201 + 1000110?
1203311
In base 15, what is -dd - -3d99?
3cab
In base 8, what is 32613 - -3035?
35650
In base 10, what is -2778 + -1901?
-4679
In base 5, what is -14 - -3220333440?
3220333421
In base 15, what is -82 - -46be0e?
46bd7c
In base 10, what is 835678 - -5?
835683
In base 10, what is 675932 + -13?
675919
In base 2, what is -1101000 + 111110110100101111?
111110110011000111
In base 10, what is -5 + -21013097?
-21013102
In base 2, what is 110100100110101011111100001011 + 0?
110100100110101011111100001011
In base 9, what is -5682157 - 2?
-5682160
In base 6, what is -23 - -145223315?
145223252
In base 9, what is 1367835 - 28?
1367806
In base 10, what is -1785576 + -4?
-1785580
In base 8, what is -1641033 + 17?
-1641014
In base 10, what is 234 + 40590?
40824
In base 15, what is 17ae09 + 2?
17ae0b
In base 5, what is -330303 + -43320?
-424123
In base 8, what is 1 - -124576420?
124576421
In base 7, what is 116543235 - 1?
116543234
In base 14, what is -3d5 - 59c6?
-5dbb
In base 8, what is 130 - -11650541?
11650671
In base 5, what is -10 - 2342343101?
-2342343111
In base 9, what is 268 - -8006170?
8006448
In base 4, what is 23113321212 + -1?
23113321211
In base 2, what is 11110011 + 1000011101111110110?
1000011110011101001
In base 14, what is 794 - -1327?
1abb
In base 5, what is -23042 - -323244?
300202
In base 5, what is 0 + -33002044210?
-33002044210
In base 7, what is -404524 - -204?
-404320
In base 11, what is 256a9 + 10858?
36456
In base 8, what is 12347 - 5203?
5144
In base 5, what is -122213 + 3440314?
3313101
In base 14, what is 14850 + 646?
15096
In base 14, what is 6732d8 - -5?
6732dd
In base 5, what is -1 - 123442001104?
-123442001110
In base 16, what is -eba + -69fd?
-78b7
In base 14, what is 85580 - -225?
857a5
In base 13, what is -840 + -5734?
-6274
In base 7, what is -1520665 - 1220?
-1522215
In base 8, what is -260 + -722?
-1202
In base 12, what is -1b - 348350?
-34836b
In base 2, what is -111100111011001 + 100111?
-111100110110010
In base 7, what is 5302332 - 4?
5302325
In base 9, what is 1755836 - 1?
1755835
In base 16, what is 5 - 501a1a?
-501a15
In base 4, what is -2013122 + 313112?
-1100010
In base 4, what is -10100320 - 10033020?
-20200000
In base 12, what is 5 - -8868829?
8868832
In base 5, what is -1141 + -240042031?
-240043222
In base 13, what is 47a0c4 - -179?
47a270
In base 5, what is -2211440 - 2?
-2211442
In base 16, what is -425b - -1ef?
-406c
In base 3, what is 2012 - 101012000012?
-101011221000
In base 4, what is -3 - -11230020131?
11230020122
In base 4, what is 2120102132 + 111031?
2120213223
In base 2, what is -110111001001010011100110 + -10000?
-110111001001010011110110
In base 6, what is -232421 + 14004?
-214413
In base 12, what is 56019 + 4aba?
5ab17
In base 8, what is 1055131 + -224?
1054705
In base 7, what is -4160 - -134330?
130140
In base 5, what is -11 - -1320344133?
1320344122
In base 4, what is 1122011032130 + 11?
1122011032201
In base 15, what is -10be + -3ed15?
-40dd4
In base 16, what is -d8 - -4b18a?
4b0b2
In base 4, what is -102000302101 + 0?
-102000302101
In base 16, what is 88f + -183f?
-fb0
In base 8, what is 4340 + -7672?
-3332
In base 8, what is 13406 + -4215?
7171
In base 2, what is -10010 + -1101011001111010?
-1101011010001100
In base 16, what is -3395a - -240?
-3371a
In base 12, what is 460a5 - -14a4?
47589
In base 2, what is 1010111110110011001 + 1?
1010111110110011010
In base 16, what is -2ac + 681e?
6572
In base 7, what is -536352 + -16234?
-555616
In base 5, what is -310321 - -30?
-310241
In base 14, what is -112 + 749?
637
In base 7, what is 613123600 + -3?
613123564
In base 8, what is -1 + 730545?
730544
In base 5, what is -1123400 + 20032?
-1103313
In base 15, what is -1 + 472e80?
472e7e
In base 2, what is -110 + -10110010101101100000000?
-10110010101101100000110
In base 14, what is 52 - -1b898?
1b90a
In base 2, what is 1001000111101100000011001 - 1?
1001000111101100000011000
In base 6, what is 22134 + 1100242?
1122420
In base 11, what is -3758977 - 1?
-3758978
In base 10, what is 2 + -158480870?
-158480868
In base 11, what is -96 - -1a875?
1a78a
In base 8, what is 307 + -1350?
-1041
In base 9, what is -124 + -2551835?
-2552060
In base 2, what is 1001110101 - 10000010000000100101?
-10000001110110110000
In base 11, what is -941 + 2481?
1640
In base 8, what is -23002513 + -3?
-23002516
In base 16, what is -5d3 - 161d?
-1bf0
In base 7, what is 661464 + 554?
662351
In base 14, what is -7 + -33b32?
-33b39
In base 6, what is 10102111 + 141?
10102252
In base 6, what is -51325241 + -2055?
-51331340
In base 5, what is -11144440142 - 2?
-11144440144
In base 6, what is -13 - -10401?
10344
In base 8, what is 1515 - 20402?
-16665
In base 5, what is 1130111 - -1202024?
2332140
In base 5, what is -10 - 2022340410?
-2022340420
In base 2, what is 101000 + -100000110111111001?
-100000110111010001
In base 5, what is 3134 - 13210401?
-13202212
In base 4, what is -30000 + -321132003?
-321222003
In base 7, what is -2 - 22432246?
-22432251
In base 11, what is 308775 - -12?
308787
In base 5, what is 131433 + -304111?
-122123
In base 3, what is 1010001122020 + 121?
1010001122211
In base 12, what is -179 - -4511b3?
451036
In base 2, what is 0 + 1000100011110100101010001?
1000100011110100101010001
In base 16, what is -3 + -291e86?
-291e89
In base 10, what is -13439 - 3614?
-17053
In base 16, what is 9 + -22588?
-2257f
In base 16, what is -4 + -13974b?
-13974f
In base 15, what is 7 - 1927016?
-192700e
In base 11, what is 13868352a + -5?
138683525
In base 15, what is -eb1 + 18c37?
17c76
In base 12, what is -544526 - -90?
-544456
In base 10, what is -68 + -9416?
-9484
In base 2, what is -10 + 10001101101001111111100?
10001101101001111111010
In base 2, what is -111110000011010011100 + -110100110?
-111110000100001000010
In base 15, what is -bcca4aa + -1?
-bcca4ab
In base 9, what is -1347 + -146580?
-148037
In base 15, what is -15e68 + 344?
-15b24
In base 6, what is 531045 - -4053?
535142
In base 5, what is 43101 - -141231?
234332
In base 9, what is 24582 + 11478?
36171
In base 6, what is 114242 - -5232?
123514
In base 5, what is -31141132303 - -4?
-31141132244
In base 11, what is 2 - 14882274?
-14882272
In base 3, what is -101111212121221 - 2?
-101111212122000
In base 13, what is -5 - -3cc579?
3cc574
In base 4, what is -13022 - -103320032?
103301010
In base 15, what is -2148 + 17d0?
-868
In base 10, what is 1545987 + -45?
1545942
In base 10, what is 10 - -1604173?
1604183